- 99. What is the units digit of l?
9
Let j(b) = b**3 - 49*b**2 + 140*b - 33. What is the units digit of j(47)?
9
Let m(f) be the second derivative of f**4/6 + 5*f**3/3 + f**2 + 7*f. Let z = 5 - 11. What is the units digit of m(z)?
4
Let f = 2055 - 1169. What is the units digit of f?
6
Suppose 0 = -l + 4*p + 50, -7*l + 2*p = -3*l - 214. Suppose -35 = -5*f + n - 193, -2*f - 2*n = 68. Let z = f + l. What is the tens digit of z?
2
Suppose -9*a + 8*a = 0. Suppose 3*v + 2*v - 3*i - 46 = a, 5*v - 2*i - 44 = 0. What is the units digit of v?
8
Let x(y) = -11*y + 21. Let w be x(-9). Suppose 5*d = d - w. Let k = 51 + d. What is the tens digit of k?
2
Suppose 13*q - 5732 = 1496. What is the hundreds digit of q?
5
Suppose 117*r + 14400 = 129*r. What is the hundreds digit of r?
2
Let d = 687 + -608. What is the units digit of d?
9
Let v(b) = 2*b + 4. Let z be v(-2). Let c be 3 + (z - 3) - 1. What is the units digit of 4 + (1 + -1)/c?
4
Suppose 0 = 2*g + 2*r - 18, 5*g - 35 = -r - 2*r. Suppose 5*d = 4*q - 428, 0*q + g*d + 526 = 5*q. What is the units digit of q?
2
Suppose 2*v + 1 = 677. What is the hundreds digit of v?
3
Let o(y) = -y**3 + 12*y**2 + 2*y - 26. What is the tens digit of o(7)?
3
Let n be (-1402)/10 + 10/50. What is the hundreds digit of 0*(-3)/12 - n?
1
Suppose 4*t = -0*t + 12. Let h be 1 + -4 + (10 - t). What is the units digit of h - (-65 + (-4)/4)?
0
Suppose 0*h = 3*h + 72. Let x = -16 - h. What is the units digit of x?
8
Suppose 2*j - k = -3*j + 231, 180 = 4*j + 4*k. What is the tens digit of j?
4
Suppose 0 = -4*f + 6*f + 4, 2*x = -5*f + 1084. What is the units digit of x?
7
Let x(z) = -z**2 - 14*z - 15. Suppose 8 = -5*w - 37. What is the units digit of x(w)?
0
What is the tens digit of -9*6*760/(-90)?
5
Suppose 12 = -3*v, 1 = -3*b + 2*v + 24. Suppose -b*m + 192 = 37. What is the tens digit of m?
3
Let n(u) be the second derivative of -u**5/20 + 2*u**4/3 + 5*u**3/3 + 11*u**2 - 18*u. What is the hundreds digit of n(7)?
1
Suppose -4*b + 28 = 2*i, 0 = -4*i + b + 6 + 14. Suppose 5*c + i = 1, 5*w = 2*c + 217. What is the tens digit of w?
4
Suppose -4*j - 139 = 3*h + 458, -2*h - 4*j - 398 = 0. Let m = 311 + h. What is the hundreds digit of m?
1
Suppose 2*l - 8 = -2*l. Let r(f) = 4*f + 6*f**l + f + 4 - 7. What is the tens digit of r(2)?
3
Let c(q) = 11*q**3. Let v be c(1). Let p = -12 + v. What is the tens digit of (5/(-15))/(p/39)?
1
What is the hundreds digit of 18/45 - (-7)/(-5) - -718?
7
Suppose -4*x + 2*f = -5500, -3*x = 4*f - 3874 - 273. What is the thousands digit of x?
1
Let j(q) = -q**3 - 5*q**2 - q - 1. Let b be j(-5). Let o be 1/b*-6*-12. Suppose 0 = a + i - 18, -2*i = -a + 2*i + o. What is the tens digit of a?
1
Let m(p) = -p**2 - 2*p - 1. Let w(g) = 19*g**2 - 5*g - 2. Let s(q) = -2*m(q) + w(q). Let u = 1 + -2. What is the units digit of s(u)?
2
Let v(m) = 2*m - 2. Let q(p) = -p + 1. Let b(l) = l**2 + l + 7. Let z(h) = -b(h) + 5*q(h). Let y be z(-3). What is the units digit of v(y)?
2
Let h(n) = 17*n + 10. Let k be h(-4). What is the tens digit of (-2)/(-2) + (-1 + 6 - k)?
6
What is the tens digit of ((-8)/6)/(1762441/251787 - 7)?
3
Let b be 11472/21 + (-2)/7. Suppose 4*i + 72 = -3*d - 337, 4*d + b = -5*i. Let x = -79 - d. What is the units digit of x?
0
Suppose 0 = 5*z - 4*s - 23610, -3*z = -6*s + 3*s - 14169. What is the thousands digit of z?
4
Let i be 3/(-6) - (-63)/6. Suppose y + i = 4*y + d, 2*y - 3*d = -8. Suppose -y*v = -34 - 28. What is the units digit of v?
1
Let x(m) = -m**3 + 14*m**2 + 10*m - 17. Let d be x(14). Let c = d - 34. What is the tens digit of c?
8
Let k = 91 - -398. Suppose -4*a + 276 + 108 = -2*j, 0 = 5*a + 2*j - k. What is the tens digit of a?
9
Suppose 8 = n - 3*j, -2*j + 4*j = 6. Suppose -n*o = -14*o - 243. What is the units digit of o?
1
Let y = 1030 - -634. Suppose -r - y = -9*r. What is the units digit of r?
8
Let f = -93 - -184. What is the tens digit of f?
9
Let n(y) = 2 - 14 - 7*y + 13*y**2 - 14*y**2. Let z be n(-8). Let f = -1 - z. What is the tens digit of f?
1
Let v be (3 - 3/1) + -4. Let n(s) = s**2 + 3*s + 5. What is the units digit of n(v)?
9
Suppose -2*o - 4*q = -472, -q + 472 = 2*o - 0*o. Suppose -l + 503 = -3*d - 0*d, 0 = -4*d + 3*l - 664. Let j = d + o. What is the units digit of j?
7
Suppose 3*t - f = 774, -4*t - 118 = -5*f - 1150. What is the tens digit of t?
5
Let v(n) = 2*n - 9. Let k be v(6). Suppose -2*g = -k*i + 8, -i + 0 - 3 = 5*g. Suppose -i*b = -94 + 26. What is the tens digit of b?
3
Suppose 807 = 34*h - 689. What is the tens digit of h?
4
Suppose -10*g + 6*g + 1744 = 0. Suppose -g = -3*n + 365. What is the tens digit of n?
6
Let r = -5 - 4. Let t(b) = b**3 + 8*b**2 - 9*b + 1. Let v be t(r). What is the tens digit of v/(((-2)/(-2))/34)?
3
Suppose 69*o - l - 26813 = 64*o, 2*l = 4. What is the thousands digit of o?
5
Suppose -a + 0 - 3 = 0, -11978 = -4*s - 2*a. What is the hundreds digit of s?
9
Let c(n) = 5*n**2 + 8*n + 31. Let z(d) = -6*d**2 - 9*d - 32. Let a(g) = -7*c(g) - 6*z(g). What is the tens digit of a(10)?
5
Let b be -32 - (-2 + -2 - -2). Let v = b - -55. What is the tens digit of v?
2
Suppose -5*y + 6*y = 12. Let s be 2 + (-9)/3 - -8. Suppose -y*j + 95 = -s*j. What is the units digit of j?
9
Suppose 2*n - 4*n = -200. Suppose -2*j + n = 12. What is the tens digit of j?
4
Let i be 3/(((-9)/(-276))/1). Suppose -4*v - 4*p = -i, -3*v + 3*p = 2*v - 75. Suppose 0 = -h + v + 14. What is the tens digit of h?
3
Suppose 239*y - 22638 = 232*y. What is the units digit of y?
4
Suppose 15 = -11*k + 16*k. Suppose -k*j + g + 14 = 0, -2*j - 9 + 0 = 3*g. Suppose j*q + 195 = 4*o, -3*o - 2*o = -2*q - 249. What is the units digit of o?
1
Suppose 16 = 4*q + 236. What is the units digit of (-2)/5 - 4587/q?
3
Suppose 39 = z - 3*j - 53, 4*j = 3*z - 296. Suppose -7*a = r - 3*a + 12, -4*r - 2*a = z. What is the tens digit of (4 - (-152)/r)*-7?
1
Suppose 5*t = -0*t. Let p(j) = 27 + 3*j - 34 + t*j. What is the tens digit of p(8)?
1
Let m(j) = -j**3 + j**2 + 11*j - 5. Let p be m(5). Let a = p - -110. What is the tens digit of a?
6
Let c(o) = 3*o**2 - o - 4. Let r be c(-3). What is the units digit of r/(-39) + (-1048)/(-6)?
4
Let h = 157 - 37. Suppose -2*w = -7*w + h. Let d = w - -6. What is the tens digit of d?
3
Let i be (0 + (-3 - -1))*-4. Let u = 11 - i. Suppose -6*m + u*m = -63. What is the tens digit of m?
2
Let w = 57 - 53. Suppose -g + 233 = w*i, -8*g + 7*g = -2*i - 245. What is the hundreds digit of g?
2
Let v be (220/(-14))/((-8)/56). Suppose v = 6*p - 28. What is the tens digit of p?
2
Let t(f) = -f**2 + f. Let b(h) = -4*h**2 - 5*h - 2. Let u(c) = -b(c) - 2*t(c). What is the tens digit of u(-2)?
2
Let g(z) = -6*z**2 - 32*z + 24. Let v(c) = 2*c**2 + 11*c - 8. Let y(j) = 2*g(j) + 7*v(j). What is the units digit of y(-10)?
2
Suppose 2*j = -2*w + 848, 4*w - 7*j - 1696 = -5*j. What is the units digit of w?
4
Let w(s) = -2*s**3 - 13*s**2 - 17*s + 10. Let q(n) = n**3 + 4*n**2 + 6*n - 3. Let x(k) = 8*q(k) + 3*w(k). Let b = -244 + 249. What is the tens digit of x(b)?
6
Suppose f - 2*s = 3*s - 3, 5*s - 1 = 2*f. Suppose -t = 2*r + f*t + 345, -t = -3*r - 512. What is the units digit of (4 + -2)/((-6)/r)?
7
Suppose h + 3*t - 21 = 4*h, -3*h + 5*t - 15 = 0. Let z be (-15)/(-2) - (-5)/h. Let d(k) = k**2 - 3*k - 1. What is the units digit of d(z)?
7
Suppose 3 = -2*v - 11. Let j(i) = -2*i**2 + 4*i + 4*i**3 - 3*i**3 + 3 + 10*i**2. What is the units digit of j(v)?
4
What is the units digit of (-134)/536 + (-6873)/(-4) + 0?
8
Let k = -11 + 14. Let t be (2/k)/((-16)/(-888)). Suppose -5*p + t = -13. What is the tens digit of p?
1
Let j(m) = m**2 + m + 8. Let b be j(0). What is the tens digit of 458/b - (-2)/(-8)?
5
Let h = -3817 - -5443. What is the units digit of h?
6
Let b = -75 + 123. Let g = -36 + b. What is the units digit of g?
2
Suppose 2*t - 6*t - 28 = -4*v, 5*t + 17 = -4*v. Suppose -5*l = -v*l - 429. What is the hundreds digit of l?
1
Let q(l) = 2*l - 4. Let n be q(2). Suppose -5 = -n*k - 5*k. Let c(y) = 29*y - 1. What is the units digit of c(k)?
8
Suppose -24*g + 1989 = -21*g + 5*q, 2*q = -2*g + 1326. What is the tens digit of g?
6
Let n = -8 + 10. Let l be (n + -3)*(-1 + 1). What is the units digit of l + -2 - (-9 + -25)?
2
Let q(r) = -31*r - 12. Let x(v) = -1. Let c(i) = q(i) - 5*x(i). What is the te